{"id":671,"date":"2021-02-25T12:24:38","date_gmt":"2021-02-25T11:24:38","guid":{"rendered":"https:\/\/5w4jrpbhfgx.preview.infomaniak.website\/shop\/?post_type=product&#038;p=671"},"modified":"2025-11-18T08:19:58","modified_gmt":"2025-11-18T07:19:58","slug":"gutschein","status":"publish","type":"product","link":"https:\/\/www.maron-chur.ch\/shop\/produkt\/gutschein\/","title":{"rendered":"Maron Geschenkkarten | Maron Kundenkarten"},"content":{"rendered":"<p>Unsere Gutscheine in Form einer Kunden- oder Geschenkkarte k\u00f6nnen beliebig oft und mit einem beliebigen Betrag aufgeladen werden. Mit der Karte kann im Caf\u00e9 sowie im Laden bezahlt werden.<\/p>\n<p>KartenbesitzerInnen erhalten folgende Gutschrift auf den neu geladenen Betrag:<br \/>\nVon CHF 200 bis CHF 299 erhalten Sie 1% auf den neu geladenen Betrag.<br \/>\nVon CHF 300 bis CHF 399 erhalten Sie 2% auf den neu geladenen Betrag.<br \/>\nVon CHF 400 bis CHF 499 erhalten Sie 3% auf den neu geladenen Betrag<\/p>\n<p>Ab CHF 500 erhalten Sie 4% auf den neu geladenen Betrag.<\/p>\n","protected":false},"excerpt":{"rendered":"<p>Unsere Gutscheine sind ein ideales Geschenk f\u00fcr einen Einkauf oder einen Brunch, ein Mittagessen, einen gem\u00fctlichen Besuch im Caf\u00e9.<\/p>\n","protected":false},"featured_media":670,"comment_status":"closed","ping_status":"closed","template":"","meta":{"_acf_changed":false},"product_cat":[20],"product_tag":[],"acf":[],"yoast_head":"<!-- This site is optimized with the Yoast SEO plugin v23.6 - https:\/\/yoast.com\/wordpress\/plugins\/seo\/ -->\n<title>Maron Geschenkkarten | Maron Kundenkarten - Online Shop Caf\u00e9 Confiserie Maron Chur<\/title>\n<meta name=\"robots\" content=\"index, follow, max-snippet:-1, max-image-preview:large, max-video-preview:-1\" \/>\n<link rel=\"canonical\" href=\"https:\/\/www.maron-chur.ch\/shop\/produkt\/gutschein\/\" \/>\n<meta property=\"og:locale\" content=\"de_DE\" \/>\n<meta property=\"og:type\" content=\"article\" \/>\n<meta property=\"og:title\" content=\"Maron Geschenkkarten | Maron Kundenkarten - Online Shop Caf\u00e9 Confiserie Maron Chur\" \/>\n<meta property=\"og:description\" content=\"Unsere Gutscheine sind ein ideales Geschenk f\u00fcr einen Einkauf oder einen Brunch, ein Mittagessen, einen gem\u00fctlichen Besuch im Caf\u00e9.\" \/>\n<meta property=\"og:url\" content=\"https:\/\/www.maron-chur.ch\/shop\/produkt\/gutschein\/\" \/>\n<meta property=\"og:site_name\" content=\"Online Shop Caf\u00e9 Confiserie Maron Chur\" \/>\n<meta property=\"article:modified_time\" content=\"2025-11-18T07:19:58+00:00\" \/>\n<meta property=\"og:image\" content=\"https:\/\/www.maron-chur.ch\/shop\/wp-content\/uploads\/2021\/02\/Gutschein-2-scaled-e1729672006740.jpg\" \/>\n\t<meta property=\"og:image:width\" content=\"2560\" \/>\n\t<meta property=\"og:image:height\" content=\"1655\" \/>\n\t<meta property=\"og:image:type\" content=\"image\/jpeg\" \/>\n<meta name=\"twitter:card\" content=\"summary_large_image\" \/>\n<meta name=\"twitter:label1\" content=\"Gesch\u00e4tzte Lesezeit\" \/>\n\t<meta name=\"twitter:data1\" content=\"1\u00a0Minute\" \/>\n<script type=\"application\/ld+json\" class=\"yoast-schema-graph\">{\"@context\":\"https:\/\/schema.org\",\"@graph\":[{\"@type\":\"WebPage\",\"@id\":\"https:\/\/www.maron-chur.ch\/shop\/produkt\/gutschein\/\",\"url\":\"https:\/\/www.maron-chur.ch\/shop\/produkt\/gutschein\/\",\"name\":\"Maron Geschenkkarten | Maron Kundenkarten - Online Shop Caf\u00e9 Confiserie Maron Chur\",\"isPartOf\":{\"@id\":\"https:\/\/www.maron-chur.ch\/shop\/#website\"},\"primaryImageOfPage\":{\"@id\":\"https:\/\/www.maron-chur.ch\/shop\/produkt\/gutschein\/#primaryimage\"},\"image\":{\"@id\":\"https:\/\/www.maron-chur.ch\/shop\/produkt\/gutschein\/#primaryimage\"},\"thumbnailUrl\":\"https:\/\/www.maron-chur.ch\/shop\/wp-content\/uploads\/2021\/02\/Gutschein-2-scaled-e1729672006740.jpg\",\"datePublished\":\"2021-02-25T11:24:38+00:00\",\"dateModified\":\"2025-11-18T07:19:58+00:00\",\"breadcrumb\":{\"@id\":\"https:\/\/www.maron-chur.ch\/shop\/produkt\/gutschein\/#breadcrumb\"},\"inLanguage\":\"de\",\"potentialAction\":[{\"@type\":\"ReadAction\",\"target\":[\"https:\/\/www.maron-chur.ch\/shop\/produkt\/gutschein\/\"]}]},{\"@type\":\"ImageObject\",\"inLanguage\":\"de\",\"@id\":\"https:\/\/www.maron-chur.ch\/shop\/produkt\/gutschein\/#primaryimage\",\"url\":\"https:\/\/www.maron-chur.ch\/shop\/wp-content\/uploads\/2021\/02\/Gutschein-2-scaled-e1729672006740.jpg\",\"contentUrl\":\"https:\/\/www.maron-chur.ch\/shop\/wp-content\/uploads\/2021\/02\/Gutschein-2-scaled-e1729672006740.jpg\",\"width\":2560,\"height\":1655},{\"@type\":\"BreadcrumbList\",\"@id\":\"https:\/\/www.maron-chur.ch\/shop\/produkt\/gutschein\/#breadcrumb\",\"itemListElement\":[{\"@type\":\"ListItem\",\"position\":1,\"name\":\"Startseite\",\"item\":\"https:\/\/www.maron-chur.ch\/shop\/\"},{\"@type\":\"ListItem\",\"position\":2,\"name\":\"Shop\",\"item\":\"https:\/\/www.maron-chur.ch\/shop\/\"},{\"@type\":\"ListItem\",\"position\":3,\"name\":\"Maron Geschenkkarten | Maron Kundenkarten\"}]},{\"@type\":\"WebSite\",\"@id\":\"https:\/\/www.maron-chur.ch\/shop\/#website\",\"url\":\"https:\/\/www.maron-chur.ch\/shop\/\",\"name\":\"Online Shop Caf\u00e9 Confiserie Maron Chur\",\"description\":\"\",\"publisher\":{\"@id\":\"https:\/\/www.maron-chur.ch\/shop\/#organization\"},\"potentialAction\":[{\"@type\":\"SearchAction\",\"target\":{\"@type\":\"EntryPoint\",\"urlTemplate\":\"https:\/\/www.maron-chur.ch\/shop\/?s={search_term_string}\"},\"query-input\":{\"@type\":\"PropertyValueSpecification\",\"valueRequired\":true,\"valueName\":\"search_term_string\"}}],\"inLanguage\":\"de\"},{\"@type\":\"Organization\",\"@id\":\"https:\/\/www.maron-chur.ch\/shop\/#organization\",\"name\":\"Caf\u00e9 Chocolaterie Confiserie Maron\",\"url\":\"https:\/\/www.maron-chur.ch\/shop\/\",\"logo\":{\"@type\":\"ImageObject\",\"inLanguage\":\"de\",\"@id\":\"https:\/\/www.maron-chur.ch\/shop\/#\/schema\/logo\/image\/\",\"url\":\"https:\/\/5w4jrpbhfgx.preview.infomaniak.website\/shop\/wp-content\/uploads\/2016\/05\/logo_schmal.png\",\"contentUrl\":\"https:\/\/5w4jrpbhfgx.preview.infomaniak.website\/shop\/wp-content\/uploads\/2016\/05\/logo_schmal.png\",\"width\":211,\"height\":90,\"caption\":\"Caf\u00e9 Chocolaterie Confiserie Maron\"},\"image\":{\"@id\":\"https:\/\/www.maron-chur.ch\/shop\/#\/schema\/logo\/image\/\"}}]}<\/script>\n<!-- \/ Yoast SEO plugin. -->","yoast_head_json":{"title":"Maron Geschenkkarten | Maron Kundenkarten - Online Shop Caf\u00e9 Confiserie Maron Chur","robots":{"index":"index","follow":"follow","max-snippet":"max-snippet:-1","max-image-preview":"max-image-preview:large","max-video-preview":"max-video-preview:-1"},"canonical":"https:\/\/www.maron-chur.ch\/shop\/produkt\/gutschein\/","og_locale":"de_DE","og_type":"article","og_title":"Maron Geschenkkarten | Maron Kundenkarten - Online Shop Caf\u00e9 Confiserie Maron Chur","og_description":"Unsere Gutscheine sind ein ideales Geschenk f\u00fcr einen Einkauf oder einen Brunch, ein Mittagessen, einen gem\u00fctlichen Besuch im Caf\u00e9.","og_url":"https:\/\/www.maron-chur.ch\/shop\/produkt\/gutschein\/","og_site_name":"Online Shop Caf\u00e9 Confiserie Maron Chur","article_modified_time":"2025-11-18T07:19:58+00:00","og_image":[{"width":2560,"height":1655,"url":"https:\/\/www.maron-chur.ch\/shop\/wp-content\/uploads\/2021\/02\/Gutschein-2-scaled-e1729672006740.jpg","type":"image\/jpeg"}],"twitter_card":"summary_large_image","twitter_misc":{"Gesch\u00e4tzte Lesezeit":"1\u00a0Minute"},"schema":{"@context":"https:\/\/schema.org","@graph":[{"@type":"WebPage","@id":"https:\/\/www.maron-chur.ch\/shop\/produkt\/gutschein\/","url":"https:\/\/www.maron-chur.ch\/shop\/produkt\/gutschein\/","name":"Maron Geschenkkarten | Maron Kundenkarten - Online Shop Caf\u00e9 Confiserie Maron Chur","isPartOf":{"@id":"https:\/\/www.maron-chur.ch\/shop\/#website"},"primaryImageOfPage":{"@id":"https:\/\/www.maron-chur.ch\/shop\/produkt\/gutschein\/#primaryimage"},"image":{"@id":"https:\/\/www.maron-chur.ch\/shop\/produkt\/gutschein\/#primaryimage"},"thumbnailUrl":"https:\/\/www.maron-chur.ch\/shop\/wp-content\/uploads\/2021\/02\/Gutschein-2-scaled-e1729672006740.jpg","datePublished":"2021-02-25T11:24:38+00:00","dateModified":"2025-11-18T07:19:58+00:00","breadcrumb":{"@id":"https:\/\/www.maron-chur.ch\/shop\/produkt\/gutschein\/#breadcrumb"},"inLanguage":"de","potentialAction":[{"@type":"ReadAction","target":["https:\/\/www.maron-chur.ch\/shop\/produkt\/gutschein\/"]}]},{"@type":"ImageObject","inLanguage":"de","@id":"https:\/\/www.maron-chur.ch\/shop\/produkt\/gutschein\/#primaryimage","url":"https:\/\/www.maron-chur.ch\/shop\/wp-content\/uploads\/2021\/02\/Gutschein-2-scaled-e1729672006740.jpg","contentUrl":"https:\/\/www.maron-chur.ch\/shop\/wp-content\/uploads\/2021\/02\/Gutschein-2-scaled-e1729672006740.jpg","width":2560,"height":1655},{"@type":"BreadcrumbList","@id":"https:\/\/www.maron-chur.ch\/shop\/produkt\/gutschein\/#breadcrumb","itemListElement":[{"@type":"ListItem","position":1,"name":"Startseite","item":"https:\/\/www.maron-chur.ch\/shop\/"},{"@type":"ListItem","position":2,"name":"Shop","item":"https:\/\/www.maron-chur.ch\/shop\/"},{"@type":"ListItem","position":3,"name":"Maron Geschenkkarten | Maron Kundenkarten"}]},{"@type":"WebSite","@id":"https:\/\/www.maron-chur.ch\/shop\/#website","url":"https:\/\/www.maron-chur.ch\/shop\/","name":"Online Shop Caf\u00e9 Confiserie Maron Chur","description":"","publisher":{"@id":"https:\/\/www.maron-chur.ch\/shop\/#organization"},"potentialAction":[{"@type":"SearchAction","target":{"@type":"EntryPoint","urlTemplate":"https:\/\/www.maron-chur.ch\/shop\/?s={search_term_string}"},"query-input":{"@type":"PropertyValueSpecification","valueRequired":true,"valueName":"search_term_string"}}],"inLanguage":"de"},{"@type":"Organization","@id":"https:\/\/www.maron-chur.ch\/shop\/#organization","name":"Caf\u00e9 Chocolaterie Confiserie Maron","url":"https:\/\/www.maron-chur.ch\/shop\/","logo":{"@type":"ImageObject","inLanguage":"de","@id":"https:\/\/www.maron-chur.ch\/shop\/#\/schema\/logo\/image\/","url":"https:\/\/5w4jrpbhfgx.preview.infomaniak.website\/shop\/wp-content\/uploads\/2016\/05\/logo_schmal.png","contentUrl":"https:\/\/5w4jrpbhfgx.preview.infomaniak.website\/shop\/wp-content\/uploads\/2016\/05\/logo_schmal.png","width":211,"height":90,"caption":"Caf\u00e9 Chocolaterie Confiserie Maron"},"image":{"@id":"https:\/\/www.maron-chur.ch\/shop\/#\/schema\/logo\/image\/"}}]}},"_links":{"self":[{"href":"https:\/\/www.maron-chur.ch\/shop\/wp-json\/wp\/v2\/product\/671"}],"collection":[{"href":"https:\/\/www.maron-chur.ch\/shop\/wp-json\/wp\/v2\/product"}],"about":[{"href":"https:\/\/www.maron-chur.ch\/shop\/wp-json\/wp\/v2\/types\/product"}],"replies":[{"embeddable":true,"href":"https:\/\/www.maron-chur.ch\/shop\/wp-json\/wp\/v2\/comments?post=671"}],"wp:featuredmedia":[{"embeddable":true,"href":"https:\/\/www.maron-chur.ch\/shop\/wp-json\/wp\/v2\/media\/670"}],"wp:attachment":[{"href":"https:\/\/www.maron-chur.ch\/shop\/wp-json\/wp\/v2\/media?parent=671"}],"wp:term":[{"taxonomy":"product_cat","embeddable":true,"href":"https:\/\/www.maron-chur.ch\/shop\/wp-json\/wp\/v2\/product_cat?post=671"},{"taxonomy":"product_tag","embeddable":true,"href":"https:\/\/www.maron-chur.ch\/shop\/wp-json\/wp\/v2\/product_tag?post=671"}],"curies":[{"name":"wp","href":"https:\/\/api.w.org\/{rel}","templated":true}]}}